 is the ten millions digit of 537577967?
3
What is the tens digit of 385314302?
0
What is the ten thousands digit of 34706824?
0
What is the ten thousands digit of 1749403360?
0
What is the hundreds digit of 1083445?
4
What is the thousands digit of 876948727?
8
What is the thousands digit of 22028653?
8
What is the hundred thousands digit of 1350450505?
4
What is the ten millions digit of 18552743?
1
What is the tens digit of 1778502352?
5
What is the millions digit of 56696034?
6
What is the units digit of 59671842?
2
What is the hundreds digit of 129540777?
7
What is the hundreds digit of 20360658?
6
What is the ten millions digit of 127795076?
2
What is the ten thousands digit of 375869989?
6
What is the millions digit of 1493174306?
3
What is the hundred thousands digit of 24272920?
2
What is the tens digit of 544734544?
4
What is the ten millions digit of 3988990184?
8
What is the tens digit of 34423969?
6
What is the units digit of 332478931?
1
What is the millions digit of 259303353?
9
What is the ten millions digit of 10131788?
1
What is the hundred millions digit of 572446974?
5
What is the hundred millions digit of 1669982582?
6
What is the ten millions digit of 225209845?
2
What is the millions digit of 184093239?
4
What is the thousands digit of 60534655?
4
What is the millions digit of 9054350?
9
What is the ten thousands digit of 568068?
6
What is the tens digit of 17928823?
2
What is the ten thousands digit of 1057043817?
4
What is the hundred millions digit of 238185350?
2
What is the ten millions digit of 4009592384?
0
What is the hundred thousands digit of 2271698707?
6
What is the ten thousands digit of 4405915?
0
What is the ten millions digit of 1119675158?
1
What is the hundreds digit of 526087355?
3
What is the hundreds digit of 45668269?
2
What is the ten thousands digit of 121233210?
3
What is the hundred millions digit of 458466574?
4
What is the thousands digit of 10837333?
7
What is the ten thousands digit of 425282782?
8
What is the tens digit of 47916498?
9
What is the hundreds digit of 1840019756?
7
What is the millions digit of 545146928?
5
What is the ten millions digit of 3151279588?
5
What is the millions digit of 376663065?
6
What is the billions digit of 2040572493?
2
What is the tens digit of 1511622544?
4
What is the hundreds digit of 1758279823?
8
What is the thousands digit of 149768910?
8
What is the hundred thousands digit of 1553333506?
3
What is the thousands digit of 265607665?
7
What is the hundred thousands digit of 48354777?
3
What is the millions digit of 69273471?
9
What is the tens digit of 68992699?
9
What is the ten millions digit of 46899893?
4
What is the hundred thousands digit of 70688136?
6
What is the billions digit of 1867777841?
1
What is the tens digit of 1187912026?
2
What is the millions digit of 18552171?
8
What is the ten millions digit of 119293557?
1
What is the tens digit of 34014018?
1
What is the units digit of 124004613?
3
What is the tens digit of 317512537?
3
What is the hundred thousands digit of 73661032?
6
What is the hundred millions digit of 246852041?
2
What is the ten millions digit of 187201965?
8
What is the ten millions digit of 23433238?
2
What is the millions digit of 330704144?
0
What is the hundred millions digit of 1822791064?
8
What is the thousands digit of 36489309?
9
What is the hundred millions digit of 257579357?
2
What is the tens digit of 150496494?
9
What is the hundreds digit of 51188406?
4
What is the tens digit of 17553952?
5
What is the hundreds digit of 361496984?
9
What is the units digit of 722651547?
7
What is the ten thousands digit of 78258475?
5
What is the units digit of 2452241553?
3
What is the hundreds digit of 583045336?
3
What is the tens digit of 193658166?
6
What is the ten millions digit of 1332274536?
3
What is the ten millions digit of 118333132?
1
What is the thousands digit of 43083715?
3
What is the hundred thousands digit of 46846352?
8
What is the thousands digit of 1216140930?
0
What is the millions digit of 58249274?
8
What is the ten thousands digit of 5156834515?
3
What is the ten millions digit of 1064935844?
6
What is the units digit of 4260031604?
4
What is the hundred millions digit of 6291473967?
2
What is the thousands digit of 3124304160?
4
What is the ten millions digit of 112046995?
1
What is the ten thousands digit of 241106505?
0
What is the ten millions digit of 162400196?
6
What is the hundreds digit of 592867661?
6
What is the thousands digit of 20133209?
3
What is the ten thousands digit of 1559030267?
3
What is the ten thousands digit of 27518057?
1
What is the hundred millions digit of 8113756611?
1
What is the hundred millions digit of 2949567894?
9
What is the tens digit of 27229821?
2
What is the millions digit of 7106006734?
6
What is the ten millions digit of 374945938?
7
What is the ten thousands digit of 157406763?
0
What is the tens digit of 798777475?
7
What is the hundreds digit of 358893981?
9
What is the millions digit of 3611281817?
1
What is the ten thousands digit of 109379430?
7
What is the millions digit of 1669995461?
9
What is the millions digit of 449205364?
9
What is the ten millions digit of 75337648?
7
What is the hundreds digit of 62593682?
6
What is the units digit of 20924115?
5
What is the hundred thousands digit of 649565828?
5
What is the ten millions digit of 595898452?
9
What is the units digit of 548135840?
0
What is the millions digit of 144386414?
4
What is the millions digit of 4260764431?
0
What is the tens digit of 362963032?
3
What is the ten millions digit of 29215044?
2
What is the thousands digit of 2437422600?
2
What is the ten millions digit of 2557724433?
5
What is the ten thousands digit of 328943349?
4
What is the millions digit of 423963733?
3
What is the units digit of 471648783?
3
What is the ten thousands digit of 978323184?
2
What is the tens digit of 31632232?
3
What is the hundreds digit of 439466275?
2
What is the ten millions digit of 2327260274?
2
What is the thousands digit of 4045032100?
2
What is the hundred thousands digit of 220660425?
6
What is the thousands digit of 3089611?
9
What is the ten millions digit of 152593378?
5
What is the ten millions digit of 14904442?
1
What is the units digit of 861002913?
3
What is the hundreds digit of 1665098308?
3
What is the units digit of 202013576?
6
What is the units digit of 22991500?
0
What is the hundreds digit of 40207739?
7
What is the thousands digit of 110056145?
6
What is the thousands digit of 540397393?
7
What is the millions digit of 232978381?
2
What is the ten millions digit of 14777620?
1
What is the ten millions digit of 71617187?
7
What is the hundred millions digit of 433011322?
4
What is the thousands digit of 93035410?
5
What is the hundreds digit of 133100626?
6
What is the hundred thousands digit of 32475585?
4
What is the hundred thousands digit of 25540445?
5
What is the billions digit of 1641603145?
1
What is the ten millions digit of 57239596?
5
What is the thousands digit of 798871507?
1
What is the hundreds digit of 28961461?
4
What is the hundred millions digit of 499339045?
4
What is the thousands digit of 106318426?
8
What is the units digit of 481073249?
9
What is the tens digit of 3703600998?
9
What is the hundred thousands digit of 765253902?
2
What is the hundreds digit of 87504166?
1
What is the units digit of 31369029?
9
What is the millions digit of 77985765?
7
What is the tens digit of 118719870?
7
What is the ten millions digit of 1173523764?
7
What is the ten thousands digit of 6514858886?
5
What is the hundred thousands digit of 420030310?
0
What is the billions digit of 2061176977?
2
What is the ten thousands digit of 63080131?
8
What is the ten thousands digit of 1707857885?
5
What is the units digit of 2015487200?
0
What is the hundreds digit of 332304561?
5
What is the ten millions digit of 1001957245?
0
What is the hundreds digit of 14633684?
6
What is the tens digit of 43942092?
9
What is the millions digit of 16953426?
6
What is the tens digit of 34870670?
7
What is the ten thousands digit of 229943372?
4
What is the tens digit of 86596857?
5
What is the tens digit of 50152240?
4
What is the hundreds digit of 43772946?
9
What is the hundred mil